{"id":8,"date":"2014-12-11T12:01:54","date_gmt":"2014-12-11T10:01:54","guid":{"rendered":"https:\/\/fo-dagstuhl.cs.uni-saarland.de\/?page_id=8"},"modified":"2024-11-04T17:50:21","modified_gmt":"2024-11-04T16:50:21","slug":"personen","status":"publish","type":"page","link":"https:\/\/friends-of-dagstuhl.de\/?page_id=8","title":{"rendered":"Vorstand"},"content":{"rendered":"<p>Prof. Dr. Markus Bl\u00e4ser (Vorstandvorsitzender)<\/p>\n<p>Dr. Marc Herbstritt (1. Stellvertreter und Schriftf\u00fchrer)<\/p>\n<p>Erich Reindel (2. Stellvertreter und Gesch\u00e4ftsf\u00fchrer)<\/p>\n<p>Kontakt: info at friends-of-dagstuhl.de<\/p>\n","protected":false},"excerpt":{"rendered":"<p>Prof. Dr. Markus Bl\u00e4ser (Vorstandvorsitzender) Dr. Marc Herbstritt (1. Stellvertreter und Schriftf\u00fchrer) Erich Reindel (2. Stellvertreter und Gesch\u00e4ftsf\u00fchrer) Kontakt: info at friends-of-dagstuhl.de<\/p>\n","protected":false},"author":1,"featured_media":0,"parent":0,"menu_order":0,"comment_status":"closed","ping_status":"open","template":"","meta":{"footnotes":""},"class_list":["post-8","page","type-page","status-publish","hentry"],"_links":{"self":[{"href":"https:\/\/friends-of-dagstuhl.de\/index.php?rest_route=\/wp\/v2\/pages\/8","targetHints":{"allow":["GET"]}}],"collection":[{"href":"https:\/\/friends-of-dagstuhl.de\/index.php?rest_route=\/wp\/v2\/pages"}],"about":[{"href":"https:\/\/friends-of-dagstuhl.de\/index.php?rest_route=\/wp\/v2\/types\/page"}],"author":[{"embeddable":true,"href":"https:\/\/friends-of-dagstuhl.de\/index.php?rest_route=\/wp\/v2\/users\/1"}],"replies":[{"embeddable":true,"href":"https:\/\/friends-of-dagstuhl.de\/index.php?rest_route=%2Fwp%2Fv2%2Fcomments&post=8"}],"version-history":[{"count":5,"href":"https:\/\/friends-of-dagstuhl.de\/index.php?rest_route=\/wp\/v2\/pages\/8\/revisions"}],"predecessor-version":[{"id":181,"href":"https:\/\/friends-of-dagstuhl.de\/index.php?rest_route=\/wp\/v2\/pages\/8\/revisions\/181"}],"wp:attachment":[{"href":"https:\/\/friends-of-dagstuhl.de\/index.php?rest_route=%2Fwp%2Fv2%2Fmedia&parent=8"}],"curies":[{"name":"wp","href":"https:\/\/api.w.org\/{rel}","templated":true}]}}

<p>Prof. Dr. Markus Bläser (Vorstandvorsitzender)</p>
<p>Dr. Marc Herbstritt (1. Stellvertreter und Schriftführer)</p>
<p>Erich Reindel (2. Stellvertreter und Geschäftsführer)</p>
<p>Kontakt: info at friends-of-dagstuhl.de</p>

<p>Prof. Dr. Markus Bläser (Vorstandvorsitzender) Dr. Marc Herbstritt (1. Stellvertreter und Schriftführer) Erich Reindel (2. Stellvertreter und Geschäftsführer) Kontakt: info at friends-of-dagstuhl.de</p>
